{"id":208,"date":"2020-05-05T20:17:25","date_gmt":"2020-05-05T20:17:25","guid":{"rendered":"http:\/\/hameselect.ro\/?page_id=208"},"modified":"2020-05-05T20:19:22","modified_gmt":"2020-05-05T20:19:22","slug":"prelucrarea-datelor-cu-caracter-personal","status":"publish","type":"page","link":"https:\/\/hameselect.ro\/index.php\/prelucrarea-datelor-cu-caracter-personal\/","title":{"rendered":"Prelucrarea datelor cu caracter personal"},"content":{"rendered":"\n<p><\/p>\n\n\n\n<p><\/p>\n\n\n\n<p><\/p>\n\n\n\n<br><br><br><br><br><br><br><br>\n<h2>NOT\u0102 DE INFORMARE PRIVIND PRELUCRAREA DATELOR CU CARACTER PERSONAL EFECTUAT\u0102 DE C\u0102TRE ORKLA FOODS ROMANIA SA<\/h2>\n\n\n\n<p>Orkla Foods Romania SA (denumit\u0103 \u00een continuare ,,Orkla,,), cu sediu \u00een Bucure\u0219ti, str. Copilului, nr. 14-18, et. 2, sector 1, CUI 14624799, J40\/15619\/2006, tel. 031.8057570, fax 031.805.75.71, website: www.orklafoods.ro, email: contact@orklafoods.ro, v\u0103 informeaz\u0103 prin prezenta despre prelucrarea datelor dumneavoastr\u0103 personale \u0219i drepturile pe care le ave\u021bi \u00een conformitate cu Regulamentul (UE) 2016\/679 al Parlamentului European \u0219i al Consiliului din 27 aprilie 2016 (denumit \u00een continuare GDPR) \u0219i legisla\u021bia na\u021bional\u0103 privind protec\u021bia \u0219i securitatea datelor personale, \u00een vigoare.<\/p>\n\n\n\n<div style=\"height:100px\" aria-hidden=\"true\" class=\"wp-block-spacer\"><\/div>\n\n\n\n<h2 class=\"wp-block-heading\">SCOPURILE \u0218I BAZA LEGAL\u0102 A PRELUCR\u0102RILOR<\/h2>\n\n\n\n<p>\u00cen conformitate cu legisla\u0163ia na\u0163ional\u0103 \u015fi european\u0103 (Regulamentul 2016\/679\/UE,) \u00een vigoare, Orkla are obliga\u0163ia de a administra \u00een condi\u0163ii de siguran\u0163\u0103 \u015fi numai pentru scopurile specificate, datele personale care \u00eei sunt furnizate.<\/p>\n\n\n\n<p>Orkla prelucreaz\u0103 datele dumneavoastr\u0103 personale \u00een conformitate cu prevederile GDPR, \u00een calitate de operator, prin intermediul departamentelor, \u00een conformitate cu prevederile specifice aplicabile, pentru derularea urm\u0103toarelor activit\u0103\u021bi:<\/p>\n\n\n\n<p>\u2013 formulare de puncte de vedere la solicit\u0103rile persoanelor vizate<\/p>\n\n\n\n<p>\u2013 organizare\/derulare evenimente\/publicitate<\/p>\n\n\n\n<p>\u2013 solu\u021bionare a cererilor de acces, opozi\u021bie, restric\u021bionare, etc<\/p>\n\n\n\n<p>\u2013 \u00eenregistrarea \u0219i transmiterea raspunsurilor la cererile privind \u00eenc\u0103lcarea securit\u0103\u021bii datelor cu caracter personal<\/p>\n\n\n\n<p>Dac\u0103 nu sunte\u021bi de acord cu furnizarea datelor personale, Orkla prin departamentele din structura sa nu poate s\u0103 realizeze demersurile legale pentru a v\u0103 r\u0103spunde la cererile formulate etc.<\/p>\n\n\n\n<div style=\"height:100px\" aria-hidden=\"true\" class=\"wp-block-spacer\"><\/div>\n\n\n\n<p><\/p>\n\n\n\n<h2 class=\"wp-block-heading\">TEMEIUL LEGAL AL PRELUCR\u0102RII DATELOR<\/h2>\n\n\n\n<p>Datele dumneavoastr\u0103 cu caracter personal sunt prelucrate pentru \u00eendeplinirea obliga\u021biilor legale care \u00eei revin societ\u0103\u021bii noastre \u00een calitate de operator. Prelucrarea nu poate fi extins\u0103 la alte scopuri, cu excep\u021bia cazului \u00een care v\u0103 manifesta\u021bi expres consim\u021b\u0103m\u00e2ntul \u00een acest sens;<\/p>\n\n\n\n<p>Orkla se oblig\u0103 s\u0103 implementeze m\u0103suri rezonabile de siguran\u021b\u0103 fizic\u0103, tehnic\u0103 \u0219i administrativ\u0103, astfel \u00eenc\u00e2t, s\u0103 pre\u00eent\u00e2mpine incidente ca pierderea, folosirea inadecvat\u0103, accesul neautorizat, dezv\u0103luirea, alterarea sau distrugerea datelor cu caracter personal.<\/p>\n\n\n\n<p>Legisla\u021bia care guverneaz\u0103, \u00een principal, activit\u0103\u021bile derulate de Orkla este reprezentata de Regulamentul 2016\/679\/UE si legisla\u021bia na\u021bional\u0103;<\/p>\n\n\n\n<div style=\"height:100px\" aria-hidden=\"true\" class=\"wp-block-spacer\"><\/div>\n\n\n\n<h2 class=\"wp-block-heading\">TIPURI DE DATE CU CARACTER PERSONAL PE CARE LE PRELUCR\u0102M<\/h2>\n\n\n\n<p>Politica privind protec\u021bia \u0219i securitatea datelor personale a ANSPDCP este de a colecta numai datele personale necesare \u00een scopurile men\u021bionate \u0219i de a solicita persoanelor vizate s\u0103 ne comunice numai acele date cu caracter personal strict necesare \u00eendeplinirii acestor scopuri.<\/p>\n\n\n\n<p>V\u0103 facem cunoscut c\u0103 \u00een calitate de persoan\u0103 vizat\u0103 ave\u021bi dreptul de acces, rectificare \/\u0219tergere, restric\u021bionarea prelucr\u0103rii datelor dumneavoastr\u0103, dreptul de portabilitate, dreptul de opozi\u021bie \u0219i proces decizional, individual automatizat \u00een scopul respect\u0103rii drepturilor dumneavoastr\u0103 ne pute\u021bi transmite notificare la adresa de email contact@orklafoods.ro.<\/p>\n\n\n\n<div style=\"height:100px\" aria-hidden=\"true\" class=\"wp-block-spacer\"><\/div>\n\n\n\n<h2 class=\"wp-block-heading\">AVE\u021aI DE ASEMENEA POSIBILITATEA DE A V\u0102 RETRAGE ACORDUL \u00ceN ORICE MOMENT.<\/h2>\n\n\n\n<p>Pentru informarea dumneavoastr\u0103, ave\u021bi de asemenea posibilitatea de a adresa o pl\u00e2ngere \u00een fa\u021ba utoritatii Agen\u021biei de Protec\u021bie a Datelor din Rom\u00e2nia dac\u0103 nu sunte\u021bi mul\u021bumit de prelucrarea datelor cu caracter personal la adresa dataprotection.ro;<\/p>\n\n\n\n<div style=\"height:100px\" aria-hidden=\"true\" class=\"wp-block-spacer\"><\/div>\n","protected":false},"excerpt":{"rendered":"<p>NOT\u0102 DE INFORMARE PRIVIND PRELUCRAREA DATELOR CU CARACTER PERSONAL EFECTUAT\u0102 DE C\u0102TRE ORKLA FOODS ROMANIA SA Orkla Foods Romania SA (denumit\u0103 \u00een continuare ,,Orkla,,), cu sediu<span class=\"excerpt-hellip\"> [\u2026]<\/span><\/p>\n","protected":false},"author":1,"featured_media":0,"parent":0,"menu_order":0,"comment_status":"closed","ping_status":"open","template":"","meta":{"footnotes":""},"class_list":["post-208","page","type-page","status-publish","hentry"],"_links":{"self":[{"href":"https:\/\/hameselect.ro\/index.php\/wp-json\/wp\/v2\/pages\/208","targetHints":{"allow":["GET"]}}],"collection":[{"href":"https:\/\/hameselect.ro\/index.php\/wp-json\/wp\/v2\/pages"}],"about":[{"href":"https:\/\/hameselect.ro\/index.php\/wp-json\/wp\/v2\/types\/page"}],"author":[{"embeddable":true,"href":"https:\/\/hameselect.ro\/index.php\/wp-json\/wp\/v2\/users\/1"}],"replies":[{"embeddable":true,"href":"https:\/\/hameselect.ro\/index.php\/wp-json\/wp\/v2\/comments?post=208"}],"version-history":[{"count":2,"href":"https:\/\/hameselect.ro\/index.php\/wp-json\/wp\/v2\/pages\/208\/revisions"}],"predecessor-version":[{"id":210,"href":"https:\/\/hameselect.ro\/index.php\/wp-json\/wp\/v2\/pages\/208\/revisions\/210"}],"wp:attachment":[{"href":"https:\/\/hameselect.ro\/index.php\/wp-json\/wp\/v2\/media?parent=208"}],"curies":[{"name":"wp","href":"https:\/\/api.w.org\/{rel}","templated":true}]}}